mmon factor of 2 and r.
2
Let a(c) be the first derivative of 4*c**3/3 - 2*c**2 + 4*c - 2. Let s be a(3). Calculate the highest common divisor of 7 and s.
7
Let k(u) = -u + 14. Let j be k(0). What is the highest common divisor of 42 and j?
14
Let n be (-41 + 1)*((-49)/7 - -6). Calculate the greatest common divisor of 10 and n.
10
Suppose 0 = -w - 4*c - 4, 3*c = -6 - 6. What is the greatest common divisor of 12 and w?
12
Let f be 198 - (0 - 0)/(-1). Let q be (-164)/(-9) + 8/(-36). What is the greatest common factor of q and f?
18
Let o(b) = -b**2 - b**2 - 4*b + 3*b**2 + 0*b. Let s be o(-3). Suppose 5*c - 12 = 3*i - 53, -5*i - c = -31. What is the highest common divisor of i and s?
7
Let k(g) = -2*g**2 + 9*g - 3. Let p be k(6). Let l = -15 - p. Suppose 0 = 3*n - b - 4, 3*b - l = 0. Calculate the highest common divisor of n and 2.
2
Let a be 1/(-4) + (-784)/(-64). What is the highest common divisor of 12 and a?
12
Let h be ((-26)/3)/((-2)/3). Let p = -143 - -169. Calculate the highest common divisor of h and p.
13
Let w = 9 + -6. Let v be w*-20*(-3)/2. Suppose -3*i = a - 43, i + 0*i - 9 = -3*a. Calculate the greatest common factor of v and i.
15
Let v be ((-3)/2)/(3/(-20)). Suppose o = -2*o - 3. Let x be (1 - o) + 16/2. Calculate the highest common divisor of x and v.
10
Suppose 2*w + 2 - 8 = 0. Suppose i - 16 = -w*i. Let n be (-51 - 1)/((-2)/i). Calculate the highest common factor of n and 13.
13
Suppose -7 = 2*b + 25. Let d = -62 - b. Let m = 17 - d. Calculate the greatest common divisor of 7 and m.
7
Let a = -94 - -102. Let z(f) = -31*f + 2. Let r be z(-2). Calculate the highest common divisor of a and r.
8
Let x(z) = -z**3 + 3*z**2 + 2*z - 4. Let b be x(3). Let g(l) = l**3 + 3*l + 10. Let t be g(0). Calculate the greatest common divisor of t and b.
2
Let l(r) = 72*r**3 - r**2 + 2*r - 1. Suppose m = 5*i - 2 - 3, 0 = -2*i - 3*m + 2. Let t be l(i). Calculate the greatest common factor of 18 and t.
18
Let m be 2/(-9) - (-22)/18. Let b be ((-2)/6)/m*-12. What is the greatest common factor of b and 1?
1
Suppose -3 = -2*b - 1. Let u(s) = -s + 19. Let d be u(8). What is the highest common factor of b and d?
1
Let j(z) = z**2 + 3*z - 8. Let t(a) = -a - 1. Let i(r) = j(r) + t(r). Let s be i(-11). Suppose 30 = 4*x - s. Calculate the greatest common divisor of x and 10.
10
Suppose -9 = 2*q - 29. Let d = q + -6. What is the highest common divisor of d and 32?
4
Suppose 0 = -2*m + 83 + 61. Calculate the greatest common factor of 8 and m.
8
Let m = 89 + 274. What is the greatest common divisor of m and 11?
11
Let z = -27 - -38. Suppose -12 = r - 4*y, 4*r - 4*y + 16 = 2*r. Let q = r + z. What is the highest common divisor of 7 and q?
7
Let g(h) = -h**3 - 5*h**2 + 5*h - 1. Let b be g(-6). What is the highest common factor of 15 and b?
5
Suppose -f - 5 = -5*m, -2*m - 4 = -4*f + 12. Let z = 5 - m. Let t be 6/5*(-3 - -8). What is the greatest common divisor of z and t?
3
Let y be (-1 + -119)*4/8. Let x = 87 + y. What is the greatest common divisor of x and 9?
9
Let n(w) = -w**2 - 8*w + 7. Let j be n(-8). What is the highest common divisor of 7 and j?
7
Let x(c) be the first derivative of 10*c**3/3 + c**2 + c + 1. Let b be x(-1). Calculate the highest common factor of 72 and b.
9
Suppose -7*l = -l - 234. What is the greatest common divisor of 429 and l?
39
Let j be -1*(12/4 - 44). What is the highest common factor of 82 and j?
41
Let s be ((-5)/(-2))/(1/6). Suppose -90 = -6*k + 4*k. Calculate the highest common factor of k and s.
15
Suppose 5*v - 5 + 65 = 0. Let g = v - -20. What is the greatest common factor of 40 and g?
8
Suppose -8*a + 5*a + 168 = 0. What is the greatest common divisor of 7 and a?
7
Let o be (-4)/14 + 46/14. Suppose o*x = 3*z + 21, x + 2*z - 10 = 6*z. Calculate the greatest common factor of 42 and x.
6
Let j be (3/2)/(9/348). Let a = -46 - -75. Calculate the highest common factor of j and a.
29
Suppose 0 = -3*p + 4*b + 23, -28 = -5*p + 5*b + 17. Calculate the highest common factor of p and 13.
13
Let l be (0 - (2 - 4))*-20. Let h = l + 56. What is the greatest common factor of h and 24?
8
Let q = 225 - 141. Calculate the greatest common factor of 12 and q.
12
Suppose 40 = 7*b - 191. Calculate the greatest common factor of 11 and b.
11
Let n = 24 - -21. Let d = n + -25. Let z = 186 + -182. Calculate the highest common divisor of d and z.
4
Let z(q) = q**3 - 11*q**2 - 24*q - 6. Let g be z(13). Calculate the greatest common divisor of g and 200.
20
Let y = 54 - -2. What is the greatest common factor of 8 and y?
8
Suppose 3*m = -1 + 4. Suppose 5*p = -9 - 46. Let h = -8 - p. Calculate the greatest common divisor of h and m.
1
Suppose -2 = -2*g + 20. Suppose -2*v + 2 = -62. Let z = v - g. What is the greatest common divisor of 14 and z?
7
Suppose 3*l - 5*a = -3*a - 102, -l + 4*a - 34 = 0. Let p = 50 + l. What is the greatest common divisor of p and 2?
2
Let k be ((-2)/(-24)*8)/(2/459). Suppose -23 = -4*b - 3, -42 = -p - 5*b. Calculate the highest common factor of k and p.
17
Let j be (1 - 29)*3/(-4). What is the greatest common factor of j and 21?
21
Let z be -1 - (-5)/((-10)/(-6)). Suppose 0 = 5*w - 3*c - 103, 3*c - 57 = -z*w - w. Calculate the greatest common divisor of w and 40.
20
Let q = 0 - -2. Suppose 0 = c + q*c. Let x be -32*(-5 + 2) + c. What is the highest common factor of x and 12?
12
Suppose -5 = -3*s + 19. Let k(x) = -x**3 + 9*x**2 - 7*x - 6. Let a be k(s). Suppose -7*l = -a*l - 40. What is the greatest common factor of 20 and l?
4
Let q(k) = 21*k - 6. Let y be q(5). Calculate the greatest common factor of y and 11.
11
Suppose 6*j = -0*j + 12. Calculate the highest common factor of j and 6.
2
Let b be ((-8)/(-6))/(24/324). Calculate the highest common divisor of b and 18.
18
Suppose 0 = -5*h + k + 303, -h - 3*k + 81 = 14. Let l = -33 + h. Calculate the greatest common factor of 14 and l.
14
Let h = 6 + 59. Let s(y) = 3*y**2 - 8*y + 10. Let m be s(4). Calculate the highest common divisor of h and m.
13
Let z(b) = b**3 + 2*b**2 - 2*b + 3. Let w be z(3). Let r(f) = -5*f - 6. Let t be r(-4). Calculate the highest common divisor of w and t.
14
Suppose -3*a - 2*x + 36 = 0, -2*x - x - 36 = -3*a. What is the highest common factor of 3 and a?
3
Let t(h) = h**3 + 7*h**2 + 5*h + 8. Let i be t(-6). Suppose -6*z + 15 - 3 = 0. Calculate the greatest common divisor of z and i.
2
Let f = 105 - 20. Calculate the highest common factor of f and 34.
17
Let s be 63/28*8/3. Calculate the greatest common factor of 42 and s.
6
Suppose 30 = 2*h - 0. Calculate the highest common factor of h and 165.
15
Suppose 4*i = 83 + 113. Suppose 2*l - 25 - 17 = 0. Suppose -4*o = -7*o + l. Calculate the greatest common divisor of i and o.
7
Let x = -21 - -31. Let p be (-3)/6*10*-1. What is the greatest common factor of x and p?
5
Suppose -364 = 4*c - 2*c - 2*y, 5*y - 725 = 4*c. Let f = -397 - -690. Let h = f + c. What is the greatest common factor of 12 and h?
12
Let q(v) be the second derivative of -v**4/12 + 4*v**3/3 - 2*v**2 - v. Let m be q(8). Let k be -2 - (m + 3)*10. What is the greatest common divisor of k and 8?
8
Let u = 3 + -11. Let t = 0 - u. Let s(x) = 5*x + 7. Let w be s(5). What is the greatest common divisor of w and t?
8
Let z(v) = 2*v**2 + 36*v + 13. Let p be z(-18). What is the highest common divisor of 91 and p?
13
Let n be (4/2)/((-3)/(-48)). What is the highest common divisor of 8 and n?
8
Suppose 5 = h, 4*b = 2*h + 7 + 163. Let a(v) = 8*v - 38. Let q be a(7). What is the greatest common divisor of b and q?
9
Suppose 1092 = 3*n + 25*n. What is the highest common factor of 104 and n?
13
Let i be (9/(-21))/(3/(-21)). Suppose w - 7*m = -i*m + 18, 2*w + 2*m + 4 = 0. Calculate the greatest common factor of 22 and w.
2
Suppose 2*k - 505 = -3*s, -2*k = -8*s + 3*s + 815. Suppose 7*o - s = 2*o. Let f be 66/3 + (1 - 1). Calculate the highest common factor of o and f.
11
Suppose -2*u - 10 = -50. Calculate the greatest common divisor of 20 and u.
20
Suppose 26 = p - 422. Suppose -2*q = -4*q + p. What is the highest common divisor of 28 and q?
28
Suppose -3*y = g + 63, -3*y - 101 = 4*g + 187. Let s be (22/(-5))/(3/g). What is the highest common divisor of 10 and s?
10
Suppose -a - 5*j = -2*a + 54, -a + 30 = 3*j. Let c = a - 24. Calculate the greatest common div